ose 18*s - 145948 + 52546 = 0. List the prime factors of s.
5189
Suppose 5*v + 4*z = 6896, -v + 15*z = 13*z - 1368. What are the prime factors of v?
2, 43
Let f = 14 + -43. Let u = f - -25. What are the prime factors of 1/(0 - u/84)?
3, 7
Let j = 2087 + -288. What are the prime factors of j?
7, 257
Let r = 3 + 5. Let t be 12/r - 138/(-4). Suppose -3 = q - t. List the prime factors of q.
3, 11
Suppose 0 = -65*c + 86*c - 45423. List the prime factors of c.
3, 7, 103
Let x(y) = 2*y**3 - 5*y**2 + 12*y + 3. Let v be 10*(0 - 5/((-25)/2)). What are the prime factors of x(v)?
3, 11
Let f be (3 - (-2250)/(-6))/(-1 + 0). Suppose f = 3*v + 2*l - 151, 5*v - 4*l = 901. What are the prime factors of v?
3, 59
Let w(l) = -l**3 + 14*l**2 + 16*l. Suppose 0 = 8*o - 3*o. Suppose o*b = -4*b + 60. List the prime factors of w(b).
3, 5
Let j(b) = -7 - b**2 - 9*b + 4 + 0. Suppose 5*s - 9*s = -2*d - 32, -4*s + 16 = 0. List the prime factors of j(d).
5
Suppose 0*x = -5*f + x + 248, 2*x = 4*f - 202. Let w = -34 - -36. Suppose -f = -w*g + 17. List the prime factors of g.
3, 11
Suppose -33*h - j + 4915 = -28*h, j = 0. List the prime factors of h.
983
Suppose -5*y - 704 = -4*z, -5*z + 1221 = -4*y + 341. List the prime factors of z.
2, 11
Let u = -65 - -21. Let p = u - -122. List the prime factors of p.
2, 3, 13
Let s(r) = 57*r**3 - 7*r**2 - 2*r + 4. What are the prime factors of s(2)?
2, 107
Let w(q) = 6*q**2 - q. Let m be w(2). Let p be (-8)/(-20)*20 - -49. Let a = p - m. List the prime factors of a.
5, 7
Let m = -2 + 5. What are the prime factors of (m/(-6))/((-8)/1088)?
2, 17
Let g(v) = -37*v - 1. Let x = -14 - -20. Suppose -7*q - x = -q. List the prime factors of g(q).
2, 3
Let a(u) = 30*u + 7. Let s(p) = -p + 1. Let x(b) = -a(b) + 6*s(b). List the prime factors of x(-3).
107
Let r = -186 - 72. Let b = r + 150. What are the prime factors of 1/7 + b/(-28)?
2
Let a(h) = 30*h**3 - 2*h**2 + 3*h - 4. List the prime factors of a(3).
797
Let s be (-15)/9 + (-2)/6. What are the prime factors of -116*1/s + -2?
2, 7
Suppose 0 = 4*o - 3 - 181. Suppose -3*n - 4*d = -25, -d - o = -0*n - 4*n. Suppose 0 = b - n + 1. What are the prime factors of b?
2, 5
Suppose 0 = -g + k - 159, -5*g + 4*g - 4*k = 179. Let m = -102 - g. List the prime factors of m.
61
Let t be 2/(-5) + 238/70. Suppose n = t*n - 34. Suppose n*y = 19*y - 102. What are the prime factors of y?
3, 17
Let d be (-5 + 2 - -3)*1. Suppose 0*s + s - 1 = d. What are the prime factors of s + 1 - (-1 + 0)?
3
Let g(k) = 19*k**2 + 24*k + 4. What are the prime factors of g(-7)?
13, 59
Let m(p) = -p**2 + 13*p - 12. Suppose 4*a = 8*a. Suppose 40 = 4*v - a*v. What are the prime factors of m(v)?
2, 3
Suppose -267 = -3*q + 24. Suppose m - 4*r + r - 19 = 0, 4*m + 4*r = 44. Suppose 7*y + m = q. What are the prime factors of y?
2, 3
Let k = -21 + 23. Let g be k/(-10) - 1802/(-10). Suppose -3*p + 0*p = -g. List the prime factors of p.
2, 3, 5
Let g = 11 + -5. Let m(x) = -x + 3*x - g*x - 6 - 17. List the prime factors of m(-13).
29
Let q(v) = 55*v**2 - 2*v + 23. List the prime factors of q(4).
5, 179
What are the prime factors of 1279 + 2 - (-100)/10?
1291
Let d(b) = -22*b - 4. Suppose 0*y = -4*y + 4*m - 16, -2*m - 12 = 3*y. Let f be d(y). What are the prime factors of (1 + 1)*f/8?
3, 7
Suppose -h = 3*h - 52. Let u be (-2 - (1 - h))*-2. List the prime factors of 8/u - (-224)/10.
2, 11
Suppose -3*l = 5*r - 1972, 20*l - r = 15*l + 3296. What are the prime factors of l?
659
List the prime factors of 5 - (-22*93/6 + 2).
2, 43
Let j be (-6)/(-15) + (-34)/10. Let f be -2*(3/3 + j). List the prime factors of (-21)/(-6)*f/1.
2, 7
Let r be (-2)/4 + (-27)/(-6). Suppose 1908 = 2*o + r*o. Suppose -5*j - 13 + o = -4*s, j = s + 61. List the prime factors of j.
61
Let k(o) = -o**2 + 17*o - 9. Let i(s) = -s**2 - 15*s - 7. Let h be i(-12). Let u = 41 - h. List the prime factors of k(u).
3, 17
Let x = 12 - 2. Suppose 3*b - 2*b - 5*i - 10 = 0, -5*i - x = 0. Suppose 0 = 3*z + c - 8, -3*z + 16 = -b*z + 5*c. List the prime factors of z.
2
Let p(k) = -k**2 + 3*k + 5. Let c be p(4). Suppose 0 = -3*m - 0*m + 3*w + 48, 5*m - 60 = -5*w. Suppose n - m = -c. What are the prime factors of n?
13
Let m(w) = 2*w + w**2 - 8*w + 0*w**2. Let t be m(6). Suppose 0*q - 2*q + 32 = t. What are the prime factors of q?
2
Let f(i) = 2*i**3 + 7*i**2 - 12*i + 5. Let t(c) = -c**3 + c**2 + 1. Let s(m) = f(m) + 3*t(m). List the prime factors of s(8).
2, 5
Let s(f) be the first derivative of f**6/360 + f**5/24 - f**4/24 + f**3 - 5. Let x(l) be the third derivative of s(l). What are the prime factors of x(-8)?
23
Suppose -48 = t + 7. Let x = t - -115. Suppose -4*u - 4*o = -0*u - 36, -5*u + x = 2*o. List the prime factors of u.
2, 7
Let w = 398 - 331. What are the prime factors of w?
67
Suppose 50*o - 376 = 42*o. What are the prime factors of o?
47
Let k be 8 + -4 + (2 - -6). Suppose k = -3*f, -5*s = -0*s + 4*f - 9. What are the prime factors of 1 - (s*-6)/1?
31
Let k(z) = -88*z - 4. Let n be k(-2). Suppose 2*d - n = 4*v, d = -2*v + 60 + 34. Suppose t = -4*t + d. What are the prime factors of t?
2, 3
Let u(l) = 3*l**2 + 20*l + 229. What are the prime factors of u(-17)?
2, 3, 7
Suppose 4*o + 2*h - 628 = 0, 5*o - 2*h - 785 = -0*h. What are the prime factors of o?
157
Let j be (2 - 2)*2/(-4). Suppose -4*w = -j*w - 100. What are the prime factors of w?
5
Suppose -6*h + 13 = 1. Suppose 0 = 5*n - n + 1428. What are the prime factors of n/(-85) + h/(-10)?
2
Let v be 1/((-129)/(-42) - 3). Let z = -5 + v. Let p(a) = a**2 - 7*a - 1. What are the prime factors of p(z)?
17
Suppose h = 3*h - 3*v - 1137, -3*h = 5*v - 1715. Let q be ((-16)/6)/((-20)/h). Suppose 11*j = 9*j + q. What are the prime factors of j?
2, 19
Let t = 78 - 78. Suppose -3*f - 7*f + 2010 = t. List the prime factors of f.
3, 67
Let v(j) = -105*j + 2. Let c be v(-2). Let p = 156 - 156. Suppose -6*y - 4*w = -y - c, p = -3*y - w + 123. What are the prime factors of y?
2, 5
Let s(m) = 2*m + 9. Let f be -6*(-4 - 9/(-2)). Let n be s(f). Suppose 0 = 4*p + 3*x - 203, -7*x = -n*x + 12. What are the prime factors of p?
53
Let n(i) = -i**3 + i**2 + i - 1. Let k = -27 - -26. Let m(f) = 4*f**3 - 8*f**2 - 4*f + 1. Let x(h) = k*m(h) - 5*n(h). List the prime factors of x(3).
5, 11
Let r(d) = -d - 19. Let n be r(-15). List the prime factors of (860/(-25))/(n/10).
2, 43
Let f = 776 - 288. What are the prime factors of f?
2, 61
Let k = 1163 - -372. List the prime factors of k.
5, 307
Let i(s) = -s**3 - 9*s**2 - 9*s + 3. Let m = 3 + -11. List the prime factors of i(m).
11
Let t = 1637 + -1132. List the prime factors of t.
5, 101
Let w be (12/15)/(1*(-1)/(-5)). Suppose 2*a - 3*b = -w*b + 307, -b - 149 = -a. List the prime factors of a.
2, 19
Let w(b) = 4*b + 46. Let o be w(-12). Let n = 56 + o. List the prime factors of n.
2, 3
Suppose 646*b - 3384 = 643*b. List the prime factors of b.
2, 3, 47
Let c(v) = -v**2 - 8*v - 10. Let p be c(-4). Suppose 0 = -p*s - 62 + 176. List the prime factors of s.
19
Suppose 4*o - 2595 = -631. What are the prime factors of o?
491
Suppose -k - m = m - 15, k - 5 = -4*m. Let q = k - 27. What are the prime factors of (q/3)/((-4)/42)?
7
Suppose -209 = -8*p + 215. List the prime factors of p.
53
Let c be 72/3*4/(-6). Let o be (-21)/(-4) + (-12)/c. Let v = 8 - o. What are the prime factors of v?
2
Suppose -2*w - w = -24. Suppose -4*s = o - 4*o + 19, 0 = 2*o + 2*s - w. Let r = o + 11. What are the prime factors of r?
2
Let l = 2250 + -66. List the prime factors of l.
2, 3, 7, 13
Let s = 556 - 268. List the prime factors of s.
2, 3
Suppose 0 = 3*p - 5*k - 92 - 47, 2*k = -4*p + 220. Let r = 20 + p. Suppose -r = -2*x + 5*d, 135 = 3*x + d - 0*d. What are the prime factors of x?
2, 11
Let m = -27 + 56. Let h = 64 - m. List the prime factors of h.
5, 7
Let t(x) = -15*x - 1. Let w be t(1). Let b = -33 - w. Let l = b + 56. List the prime factors of l.
3, 13
Let g = -199 - -572. List the prime factors of g.
373
Suppose 8*u = 11*u - 24. Let j(l) = l + 9. Let o be j(4). Suppose o*r = u*r + 115. List the prime factors of r.
23
Let g = 115 - 44. Suppose 3*o = g + 103. What are the prime factors of o?
2, 29
Let t(w) = 49*w**2 - 2*w - 1. Let l be t(-1). List the prime factors of -1 + l*(-2)/(-4).
2, 3
Let f(r) = 3*r - 9. Let y(d) = -d**2 + d + 6. S